. Let j be a(13). Suppose -j*f + 6 = -0*f. List the prime factors of f.
3
Suppose -5*a + 54*q + 4451 = 52*q, -5*a - 3*q + 4436 = 0. List the prime factors of a.
7, 127
Let b(g) = 2*g - 10. Let s be b(6). Suppose 5*i = -s*l + 131, l + 0*i = 2*i + 79. List the prime factors of l.
73
What are the prime factors of (-1*5/(-15))/(4/1188)?
3, 11
Let f(s) = -s + 5. Let a be f(6). Let i = 4 + a. Suppose i*x + 113 = 4*z + 2*x, 0 = 4*z - 5*x - 117. What are the prime factors of z?
2, 7
Suppose 5*u + 4 = 24. Let p be (u/(-8))/(1/(-170)). Suppose 0 = -2*t, -5*g + 4*t = -100 - p. List the prime factors of g.
37
Let b be (1 + 9)/((-18)/45). Let c = 62 - b. List the prime factors of c.
3, 29
What are the prime factors of (245 - 18/3*1) + 2?
241
Suppose 4*i + i + 6 = -m, -4*m + i + 39 = 0. Suppose m*q - 1452 = 105. List the prime factors of q.
173
Let a = 80 + -81. List the prime factors of (0 - a)*(-4554)/(-18).
11, 23
Let f = 7 + -7. Suppose 10 = -2*c + 4*v, -6*v + 3*v + 6 = f. What are the prime factors of (8/(-24))/(c/105)?
5, 7
Suppose 3*c - 79 = 98. Suppose -q = -2*q + c. Suppose -m - 159 = -5*o - 2*m, -q = -2*o - 5*m. List the prime factors of o.
2
Let f = -777 + 1009. List the prime factors of f.
2, 29
Let c(k) be the second derivative of k**5/20 - 5*k**4/6 - 5*k**3/3 - 4*k**2 + 4*k. Let w be c(11). Let v(q) = q**2 + 2*q. List the prime factors of v(w).
3, 5
Suppose 3*b + 1650 = 2*f, -b - 4501 = -4*f - 1201. List the prime factors of f.
3, 5, 11
Suppose 0 = 4*t + 2*u - 22, -6 = 2*u + 4. Suppose v + t = 42. List the prime factors of v.
2, 17
Let p(g) = g**3 - 8*g**2 + 9*g - 10. Let n be p(7). Suppose -5*w = n - 19. Let q(y) = 6*y**2 - 7*y + 1. List the prime factors of q(w).
2, 17
Let k(b) be the first derivative of b**4/4 - 8*b**3/3 - 10*b**2 + 9*b + 4. List the prime factors of k(10).
3
Let s = 321 - 88. List the prime factors of s.
233
Suppose 3*z - 238 = -k, -4*z + 3*k + 462 = 162. Suppose 0 = 2*a - 5*d - z, -3*a + 225 = 2*a - 5*d. What are the prime factors of a?
7
Let j(f) = -f**2 + 5*f + 10. Suppose 3*v + v - 5*g = 49, -5*g = 4*v + 1. List the prime factors of j(v).
2
Suppose 10*g - 1180 = 3710. List the prime factors of g.
3, 163
Let o = 9 + -6. Suppose 4*q = 2*k - 218, -2*q = -5*k - 6*q + 517. Suppose a - 5*c - 84 = -35, -o*c + k = 5*a. List the prime factors of a.
2, 3
List the prime factors of 135/(-54)*4764/(-10).
3, 397
What are the prime factors of (-15)/12*2*714/(-5)?
3, 7, 17
Let w = 56 - 38. Let l be (-1 + -11)*(-12)/8. Let s = w + l. What are the prime factors of s?
2, 3
Let y = -18 + 23. Suppose -4*k = -2*k - 5*w - 157, 0 = k + y*w - 101. What are the prime factors of k?
2, 43
List the prime factors of 5077 + -4 + -1 - 21/3.
5, 1013
Let c = 29 + -2. Suppose 5*b + 4*k = 20 + c, 5*k - 29 = -2*b. List the prime factors of b.
7
Let p = 10 + 67. Let x = p - 72. List the prime factors of x.
5
List the prime factors of 115/10 + -12 - (-1605)/2.
2, 401
Let z(x) = 15*x**3 - x**2 - 5*x + 9. What are the prime factors of z(3)?
2, 3, 5, 13
Suppose 2*s - 6*s + 28 = -2*j, 4*s = -16. Let n = j + 32. Suppose -n - 26 = -2*m. What are the prime factors of m?
2, 3
Let c(n) = -n**3 - 4*n**2 - 4*n + 3. Let k be c(-5). Suppose 4*z = 10*z - k. List the prime factors of z.
2
What are the prime factors of (-5 + 2 + 1)/(22/(-23661))?
3, 239
List the prime factors of (-106)/(-106)*406/1.
2, 7, 29
Let x(w) = w + 31. Let m be x(-10). Suppose -m = -4*p + 619. List the prime factors of p.
2, 5
Suppose -33966 = -23*k - 4*k. List the prime factors of k.
2, 17, 37
Suppose -4*l = -1243 + 399. Let u = l + -38. List the prime factors of u.
173
Suppose -5*t = -t - 16. Suppose v = t*a + 44, 108 = 4*v - 3*a + 4*a. Suppose 3*f = -3*x - 0 + 12, 3*x - 5*f - v = 0. What are the prime factors of x?
2, 3
Let u be 1/(-2)*(2 - 2). Suppose 5*x - 69 + 289 = u. Let w = -21 - x. List the prime factors of w.
23
Let b(p) = 15*p + 19. Let d(t) = -5*t + 38. Let r be d(5). List the prime factors of b(r).
2, 107
Let k be (-88)/6*(-3 + 6). Let l = 26 - k. List the prime factors of l.
2, 5, 7
Let m = 16 - 14. Suppose 0*p + 16 = p + s, m*p - 35 = -3*s. What are the prime factors of (-7)/(7/(-2)) + p?
3, 5
Suppose -148350 = -43*d - 13803. List the prime factors of d.
3, 7, 149
Let o = -11 + 14. Suppose 0 = -o*c + 15. Suppose 6*b = -3*z + 5*b + 98, 48 = 2*z + c*b. List the prime factors of z.
2, 17
Let x be 31/(-4)*-34*(8 - 4). Suppose -4*o - 20 = 0, o - 2*o + x = 3*t. What are the prime factors of t?
353
Let d(k) = -k**2 + k - 1. Let s(a) = -2*a + 24. Let r(w) = -3*d(w) - s(w). List the prime factors of r(7).
7, 17
Let y = 261 + 1936. What are the prime factors of y?
13
List the prime factors of (2/((-24)/1698))/(3/(-18)).
3, 283
Suppose -5*z - 2099 = -2*w, -3*w = 5*z - 1496 - 1615. List the prime factors of w.
2, 521
Let b = -3 + -5. Let n(x) = x**3 + 7*x**2 - 6*x + 4. Let u be n(b). List the prime factors of (u/9 - -2)*12.
2
Suppose 0 = -3*q - s + 3, -s - 2 = -q - 1. Let u(r) be the first derivative of 29*r**4/2 + r**3/3 - 22. What are the prime factors of u(q)?
59
Suppose -5*l + 963 = -2*h, 0*l = -5*l - 3*h + 968. Let d = l - 117. List the prime factors of d.
2, 19
Suppose -3*k - d - 50 = 4*d, -3*k - 47 = 2*d. Let t be 6/k - (-27)/5. Suppose -3*v - 218 = -t*f, -3*f + 0*v + 127 = 2*v. What are the prime factors of f?
43
Let u be (-4)/(-7) - (-34776)/196. Suppose 177*f - u*f = -57. List the prime factors of f.
3, 19
Let r = 3415 - 1510. What are the prime factors of r?
3, 5, 127
Let d be 4 + (-4)/(-12)*3. Suppose d*p - w = -0*w + 94, 56 = 3*p - w. List the prime factors of p.
19
Let g be (1 - 2/4)/(1/4). Suppose d + g*z - 176 = 0, 2*d - 847 = -3*d + z. List the prime factors of d.
2, 5, 17
Let b = -245 + 385. List the prime factors of b.
2, 5, 7
Let z(m) = -m**3 - 3*m**2 + 5*m + 4. Suppose -9 = 2*b - c - 0, 3*b = -5*c - 7. Let a be z(b). List the prime factors of a - (-3 - -2) - -1.
2
Suppose 1334*r + 3285 = 1339*r. List the prime factors of r.
3, 73
Suppose -4*j - 784 = 7*z - 2*z, 5*j + 989 = -4*z. Let o = 412 + j. List the prime factors of o.
211
Let p(w) = w**2 + 17*w - 17. Let m be p(-15). Let d = -87 - m. List the prime factors of 24/d*(0 + -55).
3, 11
Let p(m) = -m**2 - 6*m. Let v be p(-7). Let s(j) be the third derivative of -j**5/60 - j**4/3 - j**3/6 - 2*j**2. List the prime factors of s(v).
2, 3
Let f(w) = 4*w - 14 - 15 + 1. Let s = -674 - -688. What are the prime factors of f(s)?
2, 7
Suppose 146*j - 149*j - 30 = 0. Let h be (-304)/(-10) - 2/5. Let n = h + j. List the prime factors of n.
2, 5
Suppose -q = 3*o - 151, -84 = -4*q - 4*o + 552. Let h = 293 - q. List the prime factors of h.
2, 5, 13
What are the prime factors of ((-38)/6 - -7)/(2/11961)?
3, 443
Let u(v) be the first derivative of -19*v**2/2 - 6*v + 4. List the prime factors of u(-1).
13
Suppose -r = -2*b - 47, -20 = -2*r + 5*b + 70. Suppose -4*m + 4*q + 0*q - 100 = 0, 5*m = -2*q - 104. What are the prime factors of (-10)/r - 1060/m?
2, 3
Let n(z) = 4*z**3 + 4*z**2 + z - 11. Let w(m) = 9*m**3 + 9*m**2 + m - 23. Let p(v) = -5*n(v) + 2*w(v). What are the prime factors of p(-5)?
2, 7
Let a(o) = 18*o**3 - 4*o**2 + 2*o + 17. What are the prime factors of a(5)?
7, 311
Suppose -17*m = -15*m + 210. List the prime factors of (32/6)/((-10)/m).
2, 7
Let t = 9 - 9. Let n = -2 - t. List the prime factors of 396/24 - (-1)/n.
2
Suppose -4*m + 306 = 2*n, -4*n + 7*m + 647 = 8*m. What are the prime factors of n?
163
Suppose 0 = -0*p - p. Suppose p = j - 0*j - 29. Suppose 4*x + 1 = j. List the prime factors of x.
7
Suppose u + 5*u - 24 = 0. Suppose -2*l + 129 + 71 = a, -u*l = -5*a + 1014. What are the prime factors of a?
2, 101
Suppose 686 = 2*z - r, 1718 = 5*z + 3*r - 7*r. List the prime factors of z.
2, 3, 19
Let x(a) = -a**3 + 6*a**2 + 7*a - 7. Let n(h) = h**2 - 4. Let k be n(3). What are the prime factors of x(k)?
53
Let f = 137 + -55. List the prime factors of f.
2, 41
Let v = -50 - -55. Suppose -v*p + 148 = -437. List the prime factors of p.
3, 13
Suppose -4*j + 4*o - o + 1941 = 0, j + 2*o - 499 = 0. List the prime factors of j.
3, 163
Let l = 282 + -144. What are the prime factors of l?
2, 3, 23
Suppose 2*q - 14*c + 13*c - 3624 = 0, q - 1826 = 4*c. List the prime factors of q.
2, 5, 181
Let i = -122 + 385. What are the prime factor